c - 38. Calculate q(22).
28
Let c(l) = -29*l + 23. Give c(1).
-6
Let d(q) = -q**2 + 7*q - 7. Give d(7).
-7
Let t(d) = -2*d. Give t(-2).
4
Let g(b) = -2*b - 20. What is g(-8)?
-4
Let f(w) = w**2 + w - 7. Determine f(-7).
35
Let q(g) = 3*g**2 + 2*g - 5. Calculate q(1).
0
Let p(y) = -y**3 + 6*y**2 + 3*y + 3. Calculate p(7).
-25
Let h(d) = -d**2 - 8*d + 6. What is h(-10)?
-14
Let x(h) = 2*h + 21. Give x(-18).
-15
Let x(m) = -5*m**2 + 3*m - 1. What is x(2)?
-15
Let l(r) = -3*r + 20. Determine l(6).
2
Let b(s) = 8*s + 61. Determine b(-7).
5
Let d(g) = g**3 - 8*g**2 - 4*g - 18. What is d(9)?
27
Let g(o) = 4*o - 18. Give g(5).
2
Let y(q) = q**3 - 11*q**2 + 14*q - 6. Give y(10).
34
Let q(b) = -2*b**2 + 3*b - 2. What is q(5)?
-37
Let p(w) = -6*w + 16. What is p(8)?
-32
Let p(c) = -8*c + 15. What is p(12)?
-81
Let j(a) = -a + 1. Determine j(-4).
5
Let h(c) = c + 14. Calculate h(-12).
2
Let f(z) = -12*z - 4. Calculate f(-4).
44
Let b(t) = t**3 - 11*t**2 + 14*t - 13. Give b(7).
-111
Let i(y) = -y**3 - 5*y**2 - 7*y - 1. Determine i(-3).
2
Let t(p) = -3*p + 52. Give t(15).
7
Let d(z) = -z**3 - 3*z**2 + 45*z - 10. Determine d(-9).
71
Let o(a) = a**2 + 1. Give o(-4).
17
Let r(l) = 2*l - 29. Give r(12).
-5
Let g(y) = -5*y - 13. Determine g(-4).
7
Let m(i) = -2*i**2 + 2*i - 2. Calculate m(2).
-6
Let o(r) = r**2 - 3*r - 8. What is o(4)?
-4
Let k(b) = b**2 + 8*b + 16. Calculate k(-11).
49
Let v(f) = -f - 34. Calculate v(-11).
-23
Let h(a) = -a + 10. Determine h(7).
3
Let t(q) = -q**2 + q - 15. What is t(0)?
-15
Let t(o) = 13*o**2 - 2*o + 1. Determine t(1).
12
Let g(b) = -b**2 + b - 3. What is g(3)?
-9
Let i(d) = -d**3 + 10*d**2 + 11*d - 11. Calculate i(11).
-11
Let r(h) = -2*h**3 - 8*h**2 + 5*h + 2. What is r(-4)?
-18
Let r(x) = -x**3 - 3*x**2 - 2*x + 3. What is r(-2)?
3
Let n(p) = -3*p**2 + 8*p + 13. What is n(4)?
-3
Let o(p) = p**3 - 21*p**2 - 5*p + 49. Calculate o(21).
-56
Let r(y) = 18*y - 95. Calculate r(5).
-5
Let x(q) = -q**2 + 2*q - 7. Determine x(-8).
-87
Let q(b) = -b**2 - 4*b + 1. What is q(-6)?
-11
Let n(y) = y**2 + 48*y - 373. Give n(7).
12
Let x(u) = u**3 - 6*u**2 + 2*u - 11. What is x(6)?
1
Let l(q) = -q**3 - 3*q**2 - 2*q + 2. Determine l(-3).
8
Let i(o) = -38*o - 1. Determine i(-1).
37
Let a(p) = 3*p + 18. What is a(-7)?
-3
Let a(g) = -30*g + 2. Give a(1).
-28
Let m(p) = p**3 + 4*p**2 - 7*p + 8. Determine m(-5).
18
Let g(c) = 8*c**2 - 7*c + 3. Calculate g(3).
54
Let a(y) = 12*y - 149. Determine a(12).
-5
Let t(x) = -4*x - 75. What is t(19)?
-151
Let u(f) = 2*f**3 - 92*f**2 + 2*f - 95. Calculate u(46).
-3
Let w(m) = m**2 + 7*m + 20. Give w(-5).
10
Let q(h) = h**2 + 5*h - 1. Calculate q(-3).
-7
Let d(i) = -23*i - 1. Determine d(1).
-24
Let l(b) = -b - 14. What is l(6)?
-20
Let b(i) = -i**3 + 8*i**2 + 17*i - 165. Calculate b(7).
3
Let s(z) = 10*z**3 + z**2. Determine s(1).
11
Let l(d) = -9*d - 4. Give l(1).
-13
Let z(g) = -g**3 - 12*g**2 - 14*g + 6. Determine z(-11).
39
Let d(w) = 2*w**2 + w + 6. Give d(-4).
34
Let n(k) = -k**3 + k**2 + 16*k. Determine n(4).
16
Let r(k) = 7*k**2 + 4*k + 9. Determine r(-3).
60
Let p(t) = -t**3 - 8*t**2 + 24*t + 27. Determine p(-10).
-13
Let a(p) = 2*p**2 + p - 13. What is a(4)?
23
Let n(o) = 2*o**2 + 10*o + 19. Determine n(-8).
67
Let n(h) = -7*h**2 - h - 26. Calculate n(-5).
-196
Let c(u) = u**3 + 6*u**2 + 5*u - 1. Give c(-5).
-1
Let y(h) = 3*h + 2. Determine y(-9).
-25
Let c(j) = -2*j**3 - 4*j**2 - 2*j + 1. Determine c(-2).
5
Let l(h) = -176*h - 1060. What is l(-6)?
-4
Let k(w) = w**3 - 3*w**2 - 4*w - 5. Calculate k(5).
25
Let p(y) = -y**3 + 29*y**2 - 26*y - 52. Calculate p(28).
4
Let c(p) = p**3 - 8*p**2 - 10*p + 17. Give c(9).
8
Let k(h) = h**2 - 24*h - 12. Determine k(27).
69
Let w(b) = -9*b - 2. Determine w(3).
-29
Let k(s) = 2*s + 30. What is k(-11)?
8
Let u(p) = 5*p + 9. Determine u(-3).
-6
Let t(x) = -x**3 - 9*x**2 + 2*x + 6. Give t(-9).
-12
Let a(r) = -2*r**3 + 3*r**2 - 5*r + 1. Calculate a(2).
-13
Let v(l) = l**3 + 13*l**2 - l - 18. Determine v(-13).
-5
Let q(y) = 7*y - 43. Give q(7).
6
Let s(c) = 2*c**3 - 24*c**2 + 20*c + 21. Give s(11).
-1
Let j(a) = 2*a - 2. What is j(10)?
18
Let f(g) = g - 3. Give f(-7).
-10
Let d(s) = 3*s - 28. Give d(-7).
-49
Let y(t) = -t**3 + 4*t - 3. Give y(-3).
12
Let n(o) = o**3 + 2. Give n(2).
10
Let q(s) = 6*s - 126. Give q(20).
-6
Let m(j) = -2*j**2 - j + 9. What is m(-3)?
-6
Let l(r) = -3*r - 15. Determine l(-5).
0
Let d(h) = -6*h + 7. Determine d(4).
-17
Let d(u) = -3*u**2 - 15*u - 17. Give d(-3).
1
Let u(r) = -r**2 + 15*r + 18. What is u(16)?
2
Let h(r) = -15*r + 66. Determine h(7).
-39
Let r(i) = -i**2 - 2*i + 12. Determine r(-4).
4
Let f(w) = 2*w**2 + 8*w. What is f(6)?
120
Let c(s) = -s**2 + 8*s + 3. Determine c(10).
-17
Let j(l) = 5*l**2 - 7*l + 4. Calculate j(2).
10
Let t(d) = 6*d**2 + d - 1. Calculate t(1).
6
Let o(k) = 15*k + 73. Determine o(-10).
-77
Let z(f) = -f**2 - 28*f - 127. Give z(-22).
5
Let t(g) = g**3 + 2*g**2 - 2*g - 6. Calculate t(-2).
-2
Let h(n) = n + 13. Give h(-4).
9
Let c(k) = -k**3 - 8*k**2 - 5*k + 3. Calculate c(-8).
43
Let a(s) = -4*s + 41. What is a(13)?
-11
Let i(m) = m**3 - 5*m**2 - 3*m + 4. Determine i(5).
-11
Let g(h) = -7*h - 70. Calculate g(-16).
42
Let v(w) = w**3 - 11*w**2 + 3*w - 15. What is v(11)?
18
Let o(y) = y**3 - 3*y**2 - 14*y - 1. Determine o(7).
97
Let c(d) = -d**2 - 5*d - 15. What is c(-4)?
-11
Let i(x) = -x**3 + 5*x**2 + 2*x + 9. Calculate i(6).
-15
Let d(s) = 6*s**2 + 5*s - 2. Give d(-3).
37
Let n(o) = -2*o**2 - 6*o + 53. Determine n(-7).
-3
Let c(p) = p**3 + 3*p**2 - 6*p + 12. Give c(-5).
-8
Let m(t) = -27*t + 32. What is m(1)?
5
Let q(h) = -h**3 - 9*h**2 - 15*h + 6. What is q(-2)?
8
Let j(n) = n**3 + 9*n**2 + 7*n + 5. Calculate j(-6).
71
Let a(i) = 2*i**2 - 7*i - 186. What is a(-8)?
-2
Let r(u) = 7*u**3 - 3*u**2 + 5*u - 2. What is r(1)?
7
Let r(u) = -9*u - 64. Give r(-8).
8
Let c(p) = 12*p - 53. Determine c(5).
7
Let q(t) = -8*t + 88. Determine q(0).
88
Let a(g) = -g**2 + 50*g - 341. Give a(8).
-5
Let j(u) = u**2 - 10*u - 10. Calculate j(13).
29
Let k(i) = 2*i - 12. Calculate k(10).
8
Let t(w) = w**3 + 10*w**2 - 3*w - 21. Determine t(-10).
9
Let h(z) = 5*z + 79. Calculate h(-11).
24
Let i(u) = u**2 + 5*u - 1. What is i(-8)?
23
Let i(p) = 10*p - 20. What is i(8)?
60
Let r(g) = -4*g + 11. Determine r(-8).
43
Let y(g) = 9*g - 2. Calculate y(2).
16
Let x(p) = -12*p - 1. What is x(2)?
-25
Let o(y) = y**3 - 3*y**2 + 2*y. What is o(2)?
0
Let j(r) = -r**2 - 36*r - 103. Give j(-33).
-4
Let d(l) = 4*l**3 - 7*l + 2. Determine d(2).
20
Let z(f) = 7*f + 268. Determine z(-32).
44
Let p(x) = 4*x - 9. Determine p(9).
27
Let u(t) = t**3 - 4*t**2 - 7*t + 20. What is u(3)?
-10
Let r(a) = 4*a - 17. Give r(21).
67
Let a(p) = -2*p**3 + 15*p**2 + 4*p + 1. Determine a(8).
-31
Let v(n) = -n**2 + n + 13. Determine v(-4).
-7
Let z(o) = -o + 5. Give z(24).
-19
Let i(n) = 2*n + 7. Give i(-8).
-9
Let d(m) = m**3 - m**2 - m + 26. Give d(0).
26
Let n(g) = -g**2 - 6*g + 87. Calculate n(-12).
15
Let f(j) = -13*j + 56. Determine f(9).
-61
Let a(l) = 19*l**3 - 3*l**2 - l + 1. Give a(-1).
-20
Let z(c) = -c + 1. Give z(-5).
6
Let v(m) = -4*m - 44. Determine v(-11).
0
Let t(i) = -2*i + 15. Calculate t(10).
-5
Let q(r) = -r**2 + 9*r + 23. Calculate q(12).
-13
Let x(y) = -2*y + 22. Calculate x(10).
2
Let c(n) = -n**2 - 11*n - 27. Calculate c(-8).
-3
Let w(j) = 14*j - 11. Give w(-8).
-123
Let f(d) = 8*d + 1. Determine f(5).
41
Let n(o) = -2*o**2 + 5*o + 52. Give n(6).
10
Let s(l) = -l**3 + 7*l**2 + 19*l - 18. What is s(9)?
-9
Let o(v) = 3*v + 3. Give o(5).
18
Let x(p) = -3*p**2 - 19*p + 8. Give x(-7).
-6
Let c(k) = -k**3 - 5*k**2 - 10*k - 19. Give c(-4).
5
Let y(o) = 72*o**2 + 8*o + 7. What is y(-1)?
71
Let w(t) = t**3 + 7*t**2 - t + 14. Give w(-7).
21
Let u(i) = i**2 + 10*i + 3. Calculate u(-12).
27
Let q(c) = -5*c**2 + 2*c - 3. Calculate q(1).
-6
Let s(c) = -c**3 + 17*c**2 - 30*c + 9. What is s(15)?
9
Let q(l) = l**3 + 31*l**2 + 25*l - 158. Give q(-30).
-8
Let a(i) = -2*i + 2. What is a(1)?
0
Let l(m) = -9*m + 23. Give l(0).
23
Let i(s) = 33*s**3 - s**2 + 4*s + 4. Give i(-1).
-34
Let j(v) = -v + 6. Calculate j(10).
-4
Let d(t) = -t**2 - 7*t - 13. What is d(-5)?
-3
Let r(m) = -6*m - 42. Determine r(4).
-66
Let q(l) = -7*l**2 + 28*l - 4. What is q(5)?
-39
Let l